on divisor of 6575054 and 58.
58
What is the greatest common factor of 78959658 and 6?
6
What is the highest common factor of 4208 and 11930206?
526
Calculate the highest common divisor of 67450 and 26011.
19
What is the greatest common divisor of 9866283 and 49?
7
What is the highest common divisor of 7662696 and 3?
3
Calculate the highest common factor of 1064 and 1015854.
266
What is the highest common factor of 227 and 114539433?
227
What is the greatest common divisor of 2328007 and 11160?
31
Calculate the greatest common divisor of 489652 and 2652532.
3004
What is the highest common divisor of 5549298 and 1234?
1234
Calculate the highest common factor of 988662 and 25758.
318
Calculate the highest common factor of 30885006 and 3288.
822
What is the highest common divisor of 390203 and 82973?
209
Calculate the greatest common factor of 724270 and 1.
1
What is the greatest common divisor of 6530058 and 65706?
1398
What is the highest common divisor of 416060 and 113245?
355
What is the greatest common divisor of 31360 and 154240?
640
What is the highest common divisor of 9686380 and 6380?
220
Calculate the greatest common factor of 1441544 and 11869.
1079
Calculate the highest common factor of 36 and 248812860.
12
Calculate the highest common factor of 21253 and 842806.
53
What is the highest common divisor of 5751712 and 69324?
436
Calculate the greatest common divisor of 77449483 and 106.
53
What is the highest common factor of 5252 and 9396636?
404
Calculate the highest common factor of 3362 and 154984838.
3362
What is the highest common divisor of 25668 and 28109312?
2852
Calculate the highest common factor of 1546 and 36787070.
1546
What is the greatest common factor of 22181 and 4756?
41
What is the highest common divisor of 2356 and 5176876?
124
Calculate the highest common factor of 7 and 1643057010.
7
What is the greatest common factor of 923304 and 657?
219
What is the greatest common divisor of 39277 and 5037592?
1267
Calculate the highest common factor of 144 and 4494708.
36
Calculate the greatest common divisor of 1004 and 3450605432.
1004
What is the greatest common divisor of 21911025 and 75?
75
Calculate the highest common divisor of 70368 and 6152.
8
What is the highest common divisor of 4109 and 2331?
7
What is the greatest common divisor of 23046623 and 107?
107
What is the greatest common divisor of 23241180 and 171?
57
Calculate the greatest common divisor of 177309 and 127758.
597
What is the greatest common divisor of 11765 and 982830?
905
What is the greatest common divisor of 31 and 3232494403?
31
What is the highest common divisor of 3 and 795295?
1
Calculate the highest common factor of 333957 and 7839.
39
What is the highest common divisor of 1218654 and 190548?
1422
Calculate the highest common divisor of 7592 and 243367254.
1898
Calculate the greatest common divisor of 71714 and 561108.
46
Calculate the highest common factor of 5578384 and 448.
112
What is the greatest common factor of 1092 and 2361684?
156
Calculate the greatest common divisor of 595818 and 2256315.
1257
What is the highest common factor of 1590 and 505038?
6
What is the highest common factor of 609000 and 707658?
1218
What is the greatest common factor of 39168 and 91487232?
2304
What is the highest common factor of 56 and 8217912?
8
What is the greatest common factor of 9322 and 919402?
158
What is the greatest common divisor of 46718678 and 6372?
118
What is the greatest common divisor of 660393 and 261?
9
Calculate the greatest common divisor of 42262905 and 373440.
5835
What is the highest common divisor of 6205 and 272947?
73
Calculate the highest common divisor of 4254539 and 374.
17
What is the greatest common divisor of 40 and 4441927720?
40
What is the highest common divisor of 60344046 and 164?
82
Calculate the highest common factor of 588 and 149964.
12
What is the greatest common divisor of 2463580 and 8260?
140
What is the highest common factor of 2272 and 1688522?
142
What is the greatest common factor of 39828002 and 4616?
1154
Calculate the highest common factor of 21557 and 240.
1
Calculate the highest common divisor of 25455019 and 118.
59
What is the greatest common divisor of 6489 and 6188?
7
What is the greatest common divisor of 8910 and 3396330?
810
Calculate the highest common factor of 126 and 266094.
18
What is the greatest common divisor of 249407 and 6069?
289
Calculate the highest common divisor of 10 and 41527575.
5
What is the greatest common divisor of 4 and 2335638?
2
Calculate the greatest common divisor of 215036274 and 3.
3
Calculate the highest common factor of 447934 and 754.
58
Calculate the highest common factor of 353637 and 558.
9
What is the greatest common factor of 1584 and 2988304?
176
Calculate the greatest common factor of 76 and 170491902.
38
Calculate the highest common divisor of 1094734 and 279.
31
Calculate the greatest common divisor of 2335 and 188035215.
2335
What is the highest common factor of 27892 and 629964?
76
Calculate the highest common divisor of 362398956 and 3372.
3372
Calculate the highest common factor of 1892 and 2380566.
86
What is the greatest common factor of 448 and 10653352?
8
Calculate the greatest common factor of 4400 and 9977200.
400
Calculate the greatest common divisor of 2 and 4636782.
2
What is the greatest common factor of 31796443 and 17493?
5831
Calculate the greatest common divisor of 3469262 and 422.
422
What is the highest common divisor of 235815 and 1293699?
597
Calculate the greatest common factor of 10447616 and 283471.
1103
Calculate the highest common divisor of 4937213 and 569.
569
Calculate the highest common divisor of 2637558 and 264.
66
Calculate the highest common divisor of 10546928 and 602.
14
What is the greatest common divisor of 7180844 and 221686?
1114
What is the highest common divisor of 56708588 and 9628?
332
What is the greatest common divisor of 969 and 9910473?
51
Calculate the highest common factor of 697 and 20792785.
17
What is the highest common factor of 4666962 and 11352?
258
What is the greatest common divisor of 274677214 and 7?
7
Calculate the highest common factor of 201 and 792930997.
67
Calculate the greatest common divisor of 6655 and 664070.
55
What is the greatest common factor of 1014 and 3265704?
78
What is the greatest common factor of 378096 and 16644101?
7877
Calculate the greatest common factor of 6968 and 18786599.
871
What is the highest common factor of 56070 and 24330?
30
What is the greatest common divisor of 2010 and 4357010?
670
What is the highest common factor of 9211 and 2744727?
151
Calculate the greatest common divisor of 58079040 and 20.
20
What is the highest common divisor of 465 and 5973000?
15
Calculate the greatest common factor of 1001 and 133316469.
143
Calculate the greatest common divisor of 16209538 and 3.
1
What is the greatest common divisor of 5188 and 77696785?
1297
Calculate the highest common factor of 205728 and 18528.
96
Calculate the greatest common factor of 129 and 1370802891.
129
What is the greatest common factor of 5732198 and 10028?
46
What is the greatest common divisor of 294607 and 207?
23
What is the highest common factor of 143871 and 259935?
1209
Calculate the greatest common factor of 77785 and 3149465.
1655
What is the highest common divisor of 17577 and 12001185?
1953
Calculate the greatest common factor of 104500761 and 505.
101
What is the highest common factor of 107744 and 182?
182
What is the greatest common divisor of 5313 and 1928388?
231
Calculate the greatest common factor of 15 and 40613115.
15
What is the greatest common divisor of 661521 and 1271158?
12971
What is the highest common divisor of 58 and 27083999?
29
What is the greatest common divisor of 3129 and 182797521?
447
What is the greatest common divisor of 21668403 and 9654?
4827
Calculate the highest common divisor of 30659604 and 1128.
564
What is the highest common factor of 4520 and 425445?
565
Calculate the highest common divisor of 12503645 and 275.
55
Calculate the highest common factor of 6164636 and 303.
101
What is the greatest common divisor of 118863 and 221558?
47
Calculate the greatest common divisor of 11345330 and 24617.
239
Calculate the greatest common factor of 347076 and